-7604
Convert 13213 (base 6) to base 4.
133221
-2085 (base 9) to base 7
-4322
What is 101001100000111 (base 2) in base 14?
7a63
What is 747a (base 12) in base 2?
11000111011110
What is 32be (base 16) in base 11?
983a
Convert 22602 (base 8) to base 16.
2582
What is 1261 (base 11) in base 16?
668
245 (base 9) to base 15
d8
111100001001 (base 2) to base 16
f09
-20142 (base 7) to base 11
-3738
-483 (base 10) to base 14
-267
What is -111121 (base 4) in base 5?
-20434
What is -15243 (base 7) in base 9?
-5736
What is 1253 (base 9) in base 11?
784
What is 2578 (base 9) in base 3?
2122122
-1006 (base 9) to base 12
-513
Convert 552050 (base 6) to base 9.
68763
Convert -6a10 (base 12) to base 4.
-2320230
110111000011000 (base 2) to base 15
853e
What is 32b0 (base 12) in base 11?
4235
-1011321 (base 4) to base 11
-33a7
121202 (base 3) to base 4
13010
What is -133103 (base 5) in base 12?
-3163
What is -403455 (base 7) in base 10?
-68493
407 (base 11) to base 14
271
Convert 1143 (base 8) to base 10.
611
Convert 2b91 (base 16) to base 13.
50cc
101716 (base 9) to base 6
1143240
-484b (base 16) to base 8
-44113
-21202221 (base 3) to base 7
-22345
Convert 6576 (base 9) to base 11.
3708
What is -244301 (base 5) in base 11?
-7009
35322 (base 7) to base 4
2031321
-1ad68 (base 14) to base 7
-403461
Convert 1110101001 (base 2) to base 3.
1021201
Convert -12012 (base 3) to base 15.
-95
Convert -12554 (base 7) to base 16.
-d2b
What is -1b15 (base 16) in base 11?
-5233
110010000 (base 2) to base 6
1504
-2856 (base 11) to base 2
-111001101011
What is 8a99 (base 15) in base 6?
344030
Convert 630 (base 8) to base 3.
120010
1121220222 (base 3) to base 11
22070
101111 (base 2) to base 10
47
Convert 325444 (base 6) to base 11.
19462
32 (base 5) to base 2
10001
What is 466 (base 11) in base 3?
202121
What is -a5bb (base 13) in base 8?
-54671
Convert -74 (base 12) to base 4.
-1120
What is -24853 (base 12) in base 11?
-342a0
Convert -133332 (base 4) to base 9.
-2723
Convert 279 (base 10) to base 9.
340
-110110010001111 (base 2) to base 4
-12302033
What is -1093 (base 14) in base 2?
-101100111001
Convert 1220233 (base 4) to base 15.
1ebd
What is 3354 (base 8) in base 12?
1038
110001101 (base 2) to base 7
1105
What is -1144331 (base 5) in base 15?
-6711
What is -8644 (base 9) in base 15?
-1d3d
What is -456 (base 10) in base 11?
-385
Convert 808 (base 9) to base 14.
34c
-11001100110 (base 2) to base 12
-b46
What is -101112 (base 3) in base 15?
-13e
431 (base 6) to base 14
b9
-10031 (base 7) to base 4
-211313
Convert -2110 (base 4) to base 6.
-404
What is -43063 (base 7) in base 8?
-24666
-10223 (base 4) to base 9
-362
216 (base 15) to base 14
259
16645 (base 7) to base 15
1641
Convert 1525 (base 6) to base 7.
1130
What is 3024 (base 7) in base 11?
872
What is -3021102 (base 4) in base 14?
-49a2
Convert 34113 (base 5) to base 13.
1133
-968a (base 11) to base 12
-74ab
Convert 11111010001 (base 2) to base 14.
a2d
Convert -13746 (base 14) to base 13.
-18b68
What is -6a62 (base 11) in base 6?
-110520
Convert 7c9 (base 14) to base 15.
6d4
-b70 (base 13) to base 9
-2606
6256 (base 13) to base 10
13591
What is -72 (base 11) in base 3?
-2221
2212201 (base 4) to base 13
4b0a
Convert 4140 (base 6) to base 14.
4a0
Convert 1105a (base 12) to base 8.
54006
Convert -1563 (base 7) to base 9.
-773
What is 245 (base 10) in base 7?
500
1291 (base 11) to base 3
2021222
1241 (base 8) to base 7
1651
-427 (base 15) to base 2
-1110101001
What is 1468 (base 9) in base 8?
2133
Convert 421 (base 10) to base 12.
2b1
Convert 2161 (base 11) to base 14.
1078
3046 (base 8) to base 16
626
a81 (base 14) to base 13
c36
-3343 (base 6) to base 12
-553
What is -410 (base 7) in base 2?
-11001011
1f6 (base 16) to base 3
200121
Convert -4566 (base 11) to base 3.
-22020021
What is -67743 (base 8) in base 11?
-1a57a
-ab6a (base 12) to base 7
-106144
What is e4a4 (base 16) in base 7?
332435
Convert 82c (base 14) to base 12.
b20
Convert -354 (base 7) to base 3.
-20220
What is 121111 (base 5) in base 8?
10663
What is -3d9c (base 16) in base 11?
-10939
What is -5ba8 (base 14) in base 3?
-210222111
Convert -11021010 (base 3) to base 6.
-22220
Convert -181 (base 10) to base 5.
-1211
114225 (base 6) to base 13
4742
Convert 2245 (base 6) to base 10.
533
Convert -165a (base 12) to base 9.
-3577
What is 5a3 (base 13) in base 8?
1722
Convert 4302 (base 7) to base 9.
2070
Convert -202210211 (base 3) to base 8.
-35501
Convert 102102112 (base 3) to base 15.
2705
Convert 16c (base 15) to base 5.
2302
Convert 3142 (base 5) to base 3.
120122
36a2 (base 13) to base 16
1e39
Convert 7511 (base 10) to base 15.
235b
-13213 (base 4) to base 2
-111100111
-111011100 (base 2) to base 14
-260
-7571 (base 10) to base 7
-31034
Convert 4459 (base 10) to base 5.
120314
-d91 (base 14) to base 16
-a73
b6d1 (base 15) to base 3
1222001021
Convert -1443 (base 8) to base 4.
-30203
-1112 (base 4) to base 15
-5b
What is 1463 (base 9) in base 14?
594
10000112 (base 3) to base 10
2201
-1494 (base 10) to base 7
-4233
What is 25c (base 16) in base 10?
604
1101000111111111 (base 2) to base 14
1583d
What is 4b5a (base 13) in base 12?
6256
What is -6735 (base 8) in base 11?
-2737
-121b (base 12) to base 9
-2715
-1250 (base 10) to base 7
-3434
What is -16b0 (base 14) in base 13?
-1b15
What is 2354 (base 9) in base 12?
101a
What is -7841 (base 12) in base 2?
-11001111110001
What is -1265 (base 11) in base 16?
-66c
Convert -2530 (base 6) to base 15.
-2c0
673c (base 13) to base 7
60013
214 (base 6) to base 10
82
Convert -57 (base 14) to base 2.
-1001101
-12311 (base 4) to base 15
-1e2
What is -3608 (base 15) in base 14?
-4283
What is 3a33 (base 14) in base 4?
2133331
Convert 10100011001 (base 2) to base 16.
519
-1eb5 (base 16) to base 13
-3769
1174 (base 12) to base 16
7a8
What is -6231 (base 7) in base 5?
-32203
Convert -15740 (base 13) to base 7.
-226616
What is 8990 (base 11) in base 14?
4456
Convert 564 (base 12) to base 15.
381
Convert 40362 (base 8) to base 13.
774c
Convert -3957 (base 11) to base 14.
-1c36
What is -1331 (base 8) in base 5?
-10404
-22112 (base 3) to base 12
-172
What is 17898 (base 13) in base 10?
45417
Convert -2586 (base 15) to base 9.
-11870
What is -14431 (base 5) in base 8?
-2331
-1132 (base 7) to base 11
-348
What is -102301 (base 4) in base 6?
-5321
What is -628 (base 9) in base 7?
-1331
What is 1947 (base 16) in base 7?
24603
Convert 101110101101 (base 2) to base 10.
2989
Convert 4d0 (base 15) to base 6.
5023
What is -2123 (base 4) in base 6?
-415
517 (base 9) to base 7
1141
-8 (base 15) to base 6
-12
Convert 1221132 (base 4) to base 5.
204000
-1010111100001100 (base 2) to base 16
-af0c
What is 1488 (base 13) in base 2?
101110101001
What is -564 (base 10) in base 7?
-1434
103d (base 14) to base 5
42144
21010001 (base 3) to base 5
131220
-138 (base 12) to base 15
-c8
-c39a (base 13) to base 3
-1101000221
What is 11630 (base 8) in base 15?
1746
4334 (base 7) to base 5
22134
-111001001 (base 2) to base 13
-292
Convert -13568 (base 9) to base 5.
-243330
What is -2b55 (base 16) in base 11?
-8375
Convert -3245 (base 9) to base 12.
-1472
Convert -1e17 (base 15) to base 8.
-14623
Convert 4594 (base 11) to base 7.
23405
What is 1251 (base 6) in base 16?
13f
What is 30231102 (base 4) in base 8?
145522
Convert a04 (base 16) to base 13.
1223
What is -9b8 (base 15) in base 7?
-6260
Convert -1928 (base 10) to base 6.
-12532
120001 (base 3) to base 8
626
-139 (base 14) to base 13
-160
What is 180 (base 16) in base 3?
112020
23444 (base 5) to base 10
1749
What is 357 (base 13) in base 12?
403
4201110 (base 5) to base 4
100310221
What is 2054 (base 6) in base 12?
32a
What is -143402 (base 5) in base 13?
-2a15
-1542 (base 8) to base 11
-718
Convert -62352 (base 7) to base 5.
-442101
Convert 230060 (base 7) to base 13.
157a0
-534 (base 8) to base 16
-15c
What is 178 (base 10) in base 7?
343
What is -201110 (base 4) in base 6?
-13512
What is -22 (base 10) in base 4?
-112
Convert 9e8 (base 15) to base 4.
203003
What is -21403 (base 5) in base 9?
-2022
742 (base 8) to base 5
3412
Convert -15042 (base 9) to base 5.
-311434
Convert 11324 (base 5) to base 15.
3ae
Convert -43c9 (base 16) to base 5.
-1023403
What is 78 (base 11) in base 3?
10011
Convert 123 (base